 w(q)?
-1
Let j(f) = f + 6. Suppose 0 = 6*x - 2*x + 24. Let w(p) = -p - 4. Let l be w(x). Let z = -5 + l. Calculate j(z).
3
Let y(c) = 3*c**2 - 3*c. Let l(a) = -4*a**2 + 4*a + 1. Let b(i) = 2*l(i) + 3*y(i). Give b(4).
14
Let c(p) = 7*p**2 - 9*p - 6. Let x(g) be the first derivative of -2*g**3 + 4*g**2 + 6*g + 2. Let u(h) = -5*c(h) - 6*x(h). Calculate u(5).
4
Let i(t) = -2*t**3 + 3*t**2 + 9*t - 7. Let r(x) = 3*x**3 - 4*x**2 - 14*x + 10. Let g(b) = -8*i(b) - 5*r(b). Give g(4).
-2
Let l(v) be the first derivative of -13*v**2/2 + v - 20. Calculate l(1).
-12
Let l be 1 + 0/(-5) - (-4)/2. Let p(x) = x**3 - 3*x**2 + x - 2. Give p(l).
1
Suppose 0 = -4*m - 5*o - 34 - 18, 5*m - 3*o = -65. Let q = m - -8. Let l = q - -1. Let t(f) = f**2 + 2*f - 2. Give t(l).
6
Let g(h) = h - 3. Let b be g(0). Let t(i) be the second derivative of -i**5/20 - i**4/6 - 2*i**2 + 2*i. What is t(b)?
5
Suppose 2*c = -r + 2, -3*c - 5*r - 2 = c. Let g(s) = -s**3 + 2*s**2 - 2*s - 1. Determine g(c).
-5
Let u(m) = -m**2 + 2*m - 3. Let o(p) = p**2 + p + 1. Let j(i) = 2*o(i) + u(i). What is j(-3)?
-4
Let q(b) = -4*b - 1. Suppose 2 = -n - 0*n. Give q(n).
7
Let g(b) = -17*b**3 + 8*b**2 - 19*b + 15. Let t(w) = 9*w**3 - 4*w**2 + 10*w - 8. Let y(l) = 6*g(l) + 11*t(l). Suppose -2*p - 2 = -6. Give y(p).
-14
Let k(c) be the second derivative of -2*c + 0 + 1/2*c**2 + 1/2*c**3. Give k(-2).
-5
Let x be -2 + (-3)/(6/(-4)). Let m(b) be the third derivative of -b**5/120 + 7*b**4/24 + 2*b**3/3 + 2*b**2. Let d(t) be the first derivative of m(t). Give d(x).
7
Let f(z) = -z**2 - 6*z - 1. Let w be f(-4). Let x = w + -11. Let u(b) be the first derivative of -b**4/4 - 4*b**3/3 - b**2 - b - 8. Determine u(x).
7
Let l(h) be the first derivative of -9*h + 1/2*h**2 + 1/3*h**3 + 6. Calculate l(0).
-9
Let k(g) = -12*g - 10. Let x(q) = q + 1. Let o be (1*-1)/((-2)/4). Let n(m) = o*k(m) + 20*x(m). Let l(z) = 2*z - 70. Let i be l(34). Determine n(i).
8
Let d(h) be the first derivative of 5 + 1/2*h**2 - h. Calculate d(-4).
-5
Suppose 5*j = 3*j. Let w(c) = -c - 3 - c**2 + 0*c**2 + 2*c**2. What is w(j)?
-3
Let v(f) = 2*f - 3. Let a be v(3). Let o = a - 1. Let z(m) = -2 + m**2 - 5*m - o*m**2 + 3*m. Determine z(-3).
-5
Let a(y) = 2*y**3 - 2*y**2 - y + 1. Let u(x) = 6*x**2 - 2*x + 2. Let j be u(1). Let z(h) = 11 - 6*h**2 - h - 2*h**3 - 3 + 3*h**3. Let g be z(j). What is a(g)?
7
Let h(p) = -2*p**3 - p**2 - p + 1. Let d be h(1). Let i(b) = -b**3 - b**2 + 2*b - 4. Give i(d).
8
Suppose -2*z = -5*z. Let w(a) = -a - 2*a**2 - 5*a**3 + 4*a**2 + z*a**3 + 11*a**3. Determine w(1).
7
Let q(c) = -3*c**3 - 10*c**2 - 12*c - 2. Let u(k) be the first derivative of -k**4/2 - 5*k**3/3 - 3*k**2 - k - 2. Let x(v) = -3*q(v) + 5*u(v). Give x(6).
1
Let d(k) = -k**2 + 6*k + 4. Suppose -z - a + 7 = 0, -z + 1 = -0*z - 2*a. What is d(z)?
9
Let m(x) = -5 - 5*x + 6*x**2 - 12*x**2 + 5*x**2. Determine m(-3).
1
Let h be -1 - (6/(-18))/((-30)/(-93)). Let b(q) be the third derivative of -1/12*q**4 + 0*q + 0 - h*q**5 - 1/2*q**3 + q**2. Give b(-2).
-7
Let k(z) = -z**2 - 3*z - 1. Let g(v) = v - 1. Let n be g(7). Suppose 2*r - n*r - 16 = 0. Give k(r).
-5
Suppose 18 = l - 2*f + 6, 3*l - 30 = 4*f. Let p(i) = i**2 - 5*i**2 + 2*i**2 - l*i**2. What is p(1)?
-8
Let p(n) = -3*n**2 + n - 1. Let c(j) = -j + 6. Let v be (10/4)/((-1)/(-2)). Let x be c(v). Give p(x).
-3
Let y(c) = c + 1. Let b be (-18)/(-5) - (-8)/20. Give y(b).
5
Let k(d) = -2*d**3 + 17*d**2 + 23*d - 16. Let g(q) = q**3 - 8*q**2 - 11*q + 8. Let t(o) = 7*g(o) + 3*k(o). Let u be 1/(4/(-96)*-4). Give t(u).
-4
Suppose -7*t + 5*t = 2. Let v(h) be the second derivative of -h**3/3 + h. Determine v(t).
2
Suppose 3*g - g + 2 = -4*a, 0 = 2*g - 6. Let z(d) = -d**3 - 2*d**2 - 3*d. What is z(a)?
6
Let t(n) = 4*n - 3. Let a be t(2). Let x(l) be the first derivative of l**4/4 - 2*l**3 + 5*l**2/2 + 32. Determine x(a).
0
Let y be 4/(-10) + (-12)/20. Let h(x) = 2*x. What is h(y)?
-2
Suppose -5*a = -3*l + 16, 2*l + a - 2*a + 1 = 0. Let r(w) = -3*w**2 - 5*w - 2. Determine r(l).
-14
Let t(i) = i**3 - 8*i**2 + 7*i + 4. Let l be t(7). Let o(y) = 3*y - 6. Calculate o(l).
6
Let z(d) be the third derivative of -7*d**5/30 - d**3/6 - 3*d**2. Determine z(-1).
-15
Suppose 13*d = 16*d. Let m(w) be the second derivative of 3*w + 1/6*w**3 - 4*w**2 + d. What is m(0)?
-8
Let o be (-9)/(-9) + (-4)/(-1). Let g(v) be the first derivative of -1 - 2*v - v**2 + 2*v**2 - 2*v. What is g(o)?
6
Suppose -f + 5*f - 8 = 0. Suppose -9 = -f*a - a. Let b(h) be the third derivative of -h**5/60 + h**4/6 - h**3/3 + h**2. Calculate b(a).
1
Let q(p) = p**3 + 10*p**2 - p - 8. Let d be q(-10). Suppose -2*g = d*g + 16. Let a = 1 + g. Let r(x) = -x**2 + 2. Give r(a).
-7
Suppose -a = m + 2, 0*m + a = 4*m - 12. Let g(t) = 4*t**2 - t. Let k be g(-1). Let p(y) = -k - 3*y - 4 + y**m + 4. Give p(5).
5
Let l(a) be the second derivative of a**3/6 + 11*a**2/2 + 23*a. What is l(-10)?
1
Let l(u) = -12*u**2 - 5*u + 6. Let c(p) = p**2 - p + 1. Let x(f) = -6*c(f) + l(f). Determine x(1).
-17
Let f(j) = j**2 + 3*j - 1. Let t be f(-4). Let i be (-2)/(1/(-5)*2). Let a(y) = 0*y**2 - i*y + 1 - y**2 - t + 3. Calculate a(-6).
-5
Let r(b) = -b**2 - b + 1. Let n be r(-2). Let p = 1 - n. Let z be (-7)/2 - (-1)/p. Let g(t) = t**3 + 2*t**2 - t + 1. Calculate g(z).
-5
Let q(g) = g**3 - 6*g**2 + 4*g + 7. Let v be q(5). Suppose 21 = 6*r - 3. Let u(i) = 2*i**v - 5 - r*i - 1 - 3*i**2. Calculate u(-4).
-6
Let x(l) be the second derivative of -l**5/60 + l**4/3 - l**3/2 + 2*l**2 + 2*l. Let z(c) be the first derivative of x(c). Give z(6).
9
Let h = 3 + -2. Let n(j) be the first derivative of -2*j**3/3 + j**2/2 - 15. Determine n(h).
-1
Let c(u) = 2*u**2 + 3*u - 2. Let i be (((-6)/6)/(-2))/(3/(-18)). Calculate c(i).
7
Suppose -5*w + 5 = -5. Suppose -w*c = 2*c + 4. Let j be (0 - c) + -2*1. Let a(b) = 4*b. Determine a(j).
-4
Let z = -14 - -8. Let o be (z + 3)*(-2)/(-3). Let k(t) = t + 1 + 0 + 0. What is k(o)?
-1
Let j(c) = 11*c - 1. Let l(r) = -20*r + 2. Let q(y) = 11*j(y) + 6*l(y). Suppose 4*m - 2*v + 14 = 0, 2*m - 2 = 2*v + 2*v. Determine q(m).
-4
Let x(l) = l**3 + 5*l**2 - 2. Let q = 19 + -17. Let z(o) = -3*o**2 + 5*o - 3. Let p be z(q). Calculate x(p).
-2
Let v(k) = 3*k - 2 - 2*k - k**2 - k + 2*k. Suppose 0 = -3*l + 3 + 3. Give v(l).
-2
Let t(o) = o - 1. Let n(q) = 3*q + 1. Let i(w) = n(w) - 5*t(w). Calculate i(-5).
16
Let g(v) be the first derivative of 2*v - 8 + 1/2*v**2. What is g(4)?
6
Suppose 0 = -3*r + s - 40, s = -2*s - 6. Let j be r/(-4)*8/14. Let t(a) be the second derivative of 5*a**3/6 - a**2/2 - a. Give t(j).
9
Let c(f) = -2*f + 2. Let p be c(3). Let q be p/(-6)*(-12)/8. Let l(y) = -2*y. Determine l(q).
2
Let r(t) = 3*t**2 + 0*t**3 + 2*t**3 + 3*t + 3*t**2 - t**3. Give r(-2).
10
Let f(r) be the first derivative of 4*r + 3 - 1/3*r**3 - r**2. Give f(-3).
1
Let z(s) be the third derivative of s**4/8 + s**3/6 - 29*s**2. Calculate z(-6).
-17
Let d(z) = -z**3 + 6*z**2 - 6*z + 8. Let c be d(5). Let s(i) = -i**2 + 3*i + 2. What is s(c)?
2
Let m(g) = g**2 - 3*g + 2. Let d(o) = o. Let z(q) = 3*d(q) + m(q). Calculate z(-3).
11
Let f be (3 + (-21)/6)*-10. Let c(r) = 3 - 3*r + f*r**3 + 3*r - 4. Determine c(1).
4
Let l(i) be the second derivative of i**2/2 + 3*i. Let f(z) = -z - 8. Let j(c) = -f(c) - 3*l(c). Determine j(-6).
-1
Let q(g) = g**3 + 5*g**2 - 9*g - 11. Let x be q(-6). Let j = -7 + x. Let v(k) be the first derivative of -k**4/4 + k**3/3 - k**2/2 + 4*k - 1. What is v(j)?
4
Let j(c) = 1 + 2 + 4 - 4 + 4*c. Determine j(-4).
-13
Let k(q) = 4*q - 3. Suppose 4*x - 23 = 6*u - u, -5*x = 4*u + 2. Determine k(x).
5
Let i(x) be the third derivative of 7*x**6/120 - 2*x**2. Give i(-1).
-7
Let t(y) = -3*y**2 + 4*y**3 + 0*y - 6*y**3 + y**3 + 1 + 4*y. Give t(-4).
1
Let k be 8/(-2)*(-20)/(-16). Let l = k - -4. Let u(b) = b. Determine u(l).
-1
Let y = -31 + 25. Let u(c) = 2*c**3 - 4*c**2 - 4*c + 1. Let j(x) = -x**3 + 5*x**2 + 4*x - 2. Let h(m) = -3*j(m) - 2*u(m). Give h(y).
-8
Let u(n) = -n**2 - 5*n**2 + 5*n**2 + 4 + 3 - 5*n. What is u(-5)?
7
Let w(y) be the first derivative of 1 + 2*y**2 - 1/3*y**3 + 0*y. Calculate w(2).
4
Let x(z) be the second derivative of z**5/20 - 7*z**4/12 + z**3 - 2*z**2 + 2*z. Let d(y) = 6*y**2 - y - 1. Let u be d(-1). What is x(u)?
-4
Let b(a) = -9 - a**3 + 18 - 7*a - 2 + 7*a*